+ 8. Let m(c) = -7*a(c) - 2*i(c). Calculate m(-15).
-7
Let c(u) = 2*u + 8. Let o be 34/8 - (-4)/(-16). Suppose -17 = -0*b - 2*b - 3*w, o*b + 4*w = 28. Let v be (((-4)/b)/1)/(3/21). Calculate c(v).
-6
Suppose -4*m - 3 = -3*i, -4*i + 5*m + 26 = 7*m. Let o(j) = 28*j - 20*j - 14*j - i. Calculate o(-5).
25
Let c(o) = 2*o. Suppose -y = -8*y + 2*y. Suppose -h + 5*h = y. Suppose -11*t + t - 30 = h. Give c(t).
-6
Suppose -68*x - 3296 = -3092. Let l(q) = -2*q**2 + 53*q + 171. Give l(x).
-6
Let r(l) = -l**2 - 3*l - 2 - 4*l**2 + 4*l**2. Let t be (-300)/40 - ((-30)/4 - -5). Give r(t).
-12
Suppose -54*i + 56*i = 18. Let r(m) = -m**3 - 12 + 11 - i + 3 + 5*m + 6*m**2. Calculate r(7).
-21
Let q be (7 - 9)/((-8)/20). Let w(n) = 33*n - 99*n + 35*n + q + 36*n. What is w(-6)?
-25
Let g(y) be the second derivative of y**3/6 - 2*y**2 + 3*y + 220. Let u(l) = -l**3 + 4*l**2 + 5*l - 6. Let j = 9 - 4. Let n be u(j). What is g(n)?
-10
Let b = -32514 + 32508. Let g(n) = -n**2 + 30*n + 201. Calculate g(b).
-15
Let d(r) be the third derivative of r**4/12 + 2*r**3/3 + 7*r**2 - 10*r - 1. Suppose -5*n - 2*j - 25 = 0, 14 = -5*n + 2*j - 11. Determine d(n).
-6
Suppose 23*j - 70 + 1 = 0. Let l(b) = 18*b - 9*b - 7*b - 4*b - j*b. What is l(4)?
-20
Let q be (-2)/(-11) - (-138)/(-33). Let a(y) be the third derivative of -y**6/120 - y**5/20 + y**4/24 + y**3/6 - 1392*y**2. What is a(q)?
13
Let o(w) be the first derivative of -w**3 + 59 - 3/2*w**2 + 0*w. Calculate o(-2).
-6
Suppose 5*v - 22 = -4*g - 11, 4*g - 14 = -2*v. Let y(r) = -13*r**3 + r**2 + r + 1. Calculate y(v).
14
Let g = -6906 - -6914. Let f(x) = x**3 - 10*x**2 + 11*x - 13. Calculate f(g).
-53
Let v(q) = -1 - 7*q - 15*q**2 + 33*q**2 - 11*q**2 - q**3 + 9. Let o = -80 + 134. Let l be (3/(-9))/((-3)/o). Give v(l).
2
Let g be ((-30)/9)/(((-828)/(-54))/(-23)). Let j(c) be the first derivative of 2*c + 2*c**3 - 2*c**2 - 1/4*c**4 + 1. What is j(g)?
7
Let a(j) = -j**3 - 15*j**2 - 12*j + 10. Let k be -8*(-42)/96*1/((-4)/16). Calculate a(k).
-18
Suppose 4*v - 2600 + 2619 = 3*z, -5*z - 29 = 2*v. Let f(o) = o**3 + 10*o**2 + 18*o + 5. Calculate f(v).
26
Let o(k) be the first derivative of -k**4/2 + 2*k**3 - 7*k**2/2 - 6*k - 1280. What is o(3)?
-27
Let o(y) = 3*y**3 + 17*y**2 - 13*y - 4. Let c(k) = -7*k**3 - 36*k**2 + 34*k + 8. Let a(z) = 2*c(z) + 5*o(z). Determine a(-13).
-43
Let q(x) = -11*x - 11*x + 20*x - 10*x + 14*x - 23. What is q(-10)?
-43
Let o(a) = 1823*a + 5463. Let b be o(-3). Let n(y) = y**3 + y**2 - 1. Let w(m) = 5*m**3 + 10*m**2. Let t(s) = -4*n(s) + w(s). Give t(b).
4
Let j be ((-56)/(-4))/(2/3*-3). Let l(c) = 16 + 9*c - 2*c**2 + 6*c**2 + 3*c**2. Let n(q) = -8*q**2 - 9*q - 17. Let v(w) = j*l(w) - 6*n(w). Give v(-7).
4
Let b(d) = 6*d**2 + d + 3. Let k(w) = w**2 + w - 1. Let m(o) = -b(o) + k(o). Let a(p) = 171 + p - 170 + p**2 - p. Let v(h) = -4*a(h) - m(h). Determine v(-1).
1
Let j(n) = 4*n + 51. Suppose 23 = i + 19*q, -4*i + q - 51 = 11. Give j(i).
-9
Let w(n) = -164*n - 21. Let q(a) = -133*a - 21. Let f(t) = 6*q(t) - 5*w(t). Give f(2).
23
Let l(q) = -q**3 - 6*q**2 - q - 5. Suppose -3*j - 9 = -g, 246*g - 250*g + 8 = -5*j. Calculate l(j).
-33
Let l be (-47)/(1081/345) + 2 + 9. Let k(w) = w**3 + 7*w**2 + 22*w + 39. Calculate k(l).
-1
Let x be 2/9*3 - -2*14/(-6). Let c(d) = -d**2 - 1. What is c(x)?
-17
Let y(u) = u**2 - 3*u. Suppose 5*r - 2*g = 139, 2*r + 2*g + 2*g = 46. Suppose -19*d = -r*d + 48. Determine y(d).
18
Let g = -158 - -154. Let p be (-25)/g + (-1)/4. Let y(u) = u - 12. Give y(p).
-6
Let n(v) = -v**2 + 16*v + 4. Let b be n(17). Let h = -8 - b. Let u(c) be the first derivative of -c**2/2 + 7*c + 75. What is u(h)?
2
Let n(u) be the first derivative of -u**4/12 + u**3/3 + 25*u**2/2 - 36. Let q(l) be the second derivative of n(l). What is q(3)?
-4
Let f(c) = 172*c + 50. Let o(p) = 55*p + 16. Let h(k) = -5*f(k) + 16*o(k). Calculate h(3).
66
Let z(q) = 35*q + 628. Let c(m) = -18*m - 273. Let l(p) = 7*c(p) + 3*z(p). Give l(-7).
120
Let t be (-10)/(-3)*(-1092)/(-35)*1. Let i(a) = 0 + 1 + t*a - 106*a + 12. What is i(9)?
-5
Suppose 0 = -375*b + 643 + 1232. Let m(h) = -5*h**2 - h**2 + h**3 + 5*h + 2 + 0*h. Determine m(b).
2
Let k(z) = -55*z**2 + z + 39*z**2 + 383370*z**3 - 383369*z**3 - 10. Determine k(16).
6
Let f(o) = 2*o**3 + 12*o**2 - 9*o + 8. Let y(v) = -v**2 - 25*v - 49. Let t be y(-23). Let x(w) = w**3 + w**2 + 1. Let p(z) = t*x(z) + f(z). Determine p(8).
-3
Let z(n) = 2*n**2 + 5. Let j(a) = 203*a - 206. Let f be j(1). What is z(f)?
23
Let z(l) = -38*l**2 + 6 + 16*l - 7 + 18*l**2 + 23*l**2. What is z(-5)?
-6
Let q = 122389 + -122384. Let n(c) = 4*c - 2 - 3*c - 4*c. Determine n(q).
-17
Let x = -38154 + 38153. Let i(y) = -14*y**3 + y**2 - 4*y - 3. Give i(x).
16
Let p(x) = 40*x + x**2 + 3 + 2 + 0 - 28*x. Determine p(-8).
-27
Let i = -576 - -644. Let b(a) = -2 + 6 - i*a + 72*a. Let o be 20/(-6) + 1/3. Give b(o).
-8
Let i(s) = -s**3 - 18*s**2 + 21*s + 28. Suppose -4*a - 91 = 3*y, -2*a + 55*y - 56*y - 43 = 0. Give i(a).
-10
Suppose 4*f = 3*t + 25, -14*f + 9 = -5*t - 12*f. Let y(w) = 5*w**2 - 2*w + 2. Calculate y(t).
5
Let m(k) = 127*k**3 + 10*k**2 - 8*k. Let j(f) = 286*f**3 + 24*f**2 - 18*f - 2. Let o(b) = 4*j(b) - 9*m(b). Let z be 1/(((-2)/12)/1). Determine o(z).
-8
Let l(h) = -h + 16. Let a(f) = 76*f - 2. Let u be a(1). Let x be u/6 - 1/6*-4. What is l(x)?
3
Let t(h) be the second derivative of h**5/20 + 7*h**4/12 - 3*h**3/2 - 4*h**2 - 228*h. Let f(s) = -s. Let k be f(0). Suppose -4*p - 22 - 10 = k. Calculate t(p).
0
Let t = -4361 - -4362. Let g(o) be the first derivative of 2 + 13/3*o**3 + 1/2*o**2 + 0*o. Calculate g(t).
14
Let x(j) be the third derivative of -j**6/20 + j**5/30 - j**4/8 - j**3/2 - 2*j**2 - 258*j. Determine x(-2).
59
Let x(d) be the third derivative of 19*d**4/24 - 7*d**3/6 - 3913*d**2. What is x(1)?
12
Let v = -4 - -3. Let d be (15/(-10))/((-42)/112) - 3. Let m be d*(-1 - (v - 1)). Let r(k) = 10*k**3. Give r(m).
10
Let k = 431 + -421. Let h(f) = 3*f - 10. Give h(k).
20
Suppose 44 = 15*z - 19*z + 4*a, -8 = 4*z + 5*a. Let m(r) = -4*r - 1. Let b(y) = -y. Let c(i) = -7*b(i) + 2*m(i). Give c(z).
5
Let q(k) be the third derivative of k**4/24 + k**3/6 + k**2. Let o(x) = -x**2 - 33*x + 86. Let w be o(-35). Let y be -1 + 2 + w/8. Give q(y).
4
Let g(o) = 3*o + 45 - 220 + 221. Give g(-12).
10
Let i(l) = l**2 + 3*l + 4. Let q(r) = r**2 + 3*r + 4. Suppose s + 67 = 71. Let x(b) = s*i(b) - 3*q(b). Let p(g) = g**2 + 4*g - 2. Let h be p(-5). Give x(h).
22
Let k(r) = 2*r + 11. Let d(o) = -6*o - 32. Let h(b) = 4*d(b) + 11*k(b). Let w = 29 + -44. Let x = w - -8. Give h(x).
7
Let z(d) = -d**2 - 46*d - 85. Let i be z(-44). Let q(r) = -36 - 2 + i + 2*r + 0*r. Calculate q(19).
3
Let h(i) = i**2 + 7*i - 3. Let b be h(-5). Let w(n) be the third derivative of n**5/60 + 7*n**4/12 + n**3/6 + 1049*n**2 + 7. Determine w(b).
-12
Let z(k) be the first derivative of -k**4/4 + 2*k**3 + 3*k**2/2 + 11*k + 2166. Give z(7).
-17
Let g = 27 + -30. Let b(u) = 5*u**3 + 6*u**2 - u + 7. Let w(z) = 6*z**3 + 7*z**2 - 2*z + 8. Let m(r) = 5*b(r) - 4*w(r). Give m(g).
-15
Let i(r) = 2*r**2 - 11*r - 5. Let j be i(6). Let w(g) = g - j + 0 - 9 + 5. Give w(9).
4
Suppose -2*l - 18 = -4*j, -4*j - 14*l = -12*l - 14. Let z(t) be the second derivative of -1/12*t**j - 14*t + 0 - 1/20*t**5 - 1/6*t**3 - t**2. Calculate z(-2).
4
Let w be (((-168)/63)/(4/6))/(-2). Let c(f) = -2*f - 3*f**3 + 73*f**2 - 145*f**2 + 71*f**w + 0*f**3. Give c(2).
-32
Let v(x) be the second derivative of 5*x**4/2 - x**3/6 + x**2/2 + 1669*x. Suppose -3*c + 4*c = 1. Determine v(c).
30
Let d(f) = -f**2 - 19*f + 46. Let p be (27 - 36)*(-21)/(-9)*1. Give d(p).
4
Let f(y) be the first derivative of -2*y**3/3 - 3*y**2/2 - 5*y - 2. Suppose 114*t + 925 = 697. Calculate f(t).
-7
Suppose 0 = 4*b + 5*b - 27. Let v be 7*(b - (-1 + 3/3)). Let s(y) = -2 - 18*y - v*y + 55*y - 14*y. Give s(-5).
-12
Suppose -j + 393 = -3*o, 2*o + 0*j + j + 267 = 0. Let m(s) = 2128*s + 4116. Let v be m(-2). Let i = v - o. Let h(y) = -y**2 - 9*y - 3. What is h(i)?
5
Let j(h) = h**2 - 69 - 311 + 163 - 29*h. Give j(-6).
-7
Let b(v) = -v**3 - 7*v**2 + 9*v + 11. Suppose -5*w - 278 + 288 = 0. Let q be (-15)/w + (0 - (-1)/(-2)). Calculate b(q).
3
Suppose 0 = -7*x - 66 + 80. Let f(o) = -4 - x*o**2 + 3*o**2 - 10 + 9*o + 19 - 7. What i